j(k) = 6*c(k) + 5*z(k). What is the units digit of j(6)?
0
Let d = -25 - -198. What is the tens digit of d?
7
Let x(f) = -f**3 - 8*f**2 - 8*f - 3. Let g be x(-7). Suppose -g*d + 126 = -18. What is the units digit of d?
6
What is the units digit of 1/(-2) + (-531)/(-2) + -1?
4
Let v(y) = -y - 1. Let x = 13 + -8. Let m be v(x). What is the units digit of (0 - -6)/(8 + m)?
3
Let v = 2 + -1. Let f = 2 + -1. Let q = f + v. What is the units digit of q?
2
What is the units digit of 566/(-6)*(-16 - -13)?
3
Let v(f) = 26*f - 81. What is the tens digit of v(18)?
8
Let j = 7 + -4. Suppose -5*x + 67 = 4*t, -j*t + t + 2*x = -38. What is the units digit of t?
8
Let o = 86 + -14. What is the units digit of o?
2
Let k = -99 - -246. What is the hundreds digit of k?
1
Let i(b) = 2*b**2 - 5*b + 2. Let p be i(3). Suppose -3*d = 2*u - p*d + 34, 0 = -2*u - 4*d - 52. What is the tens digit of (-1)/(1/u) - -1?
2
Suppose 2*g - 7*g = 0. Let u(l) = l**2 - l + 21. What is the units digit of u(g)?
1
Let g(a) = -a**2 + 5*a - 3. Let w(s) = s**3 + 9*s**2 + 4. Let p be w(-9). Let m be g(p). What is the units digit of 1 + (2 - m - -2)?
4
Let v = 16 + 37. What is the tens digit of v?
5
Suppose -13 - 11 = -2*q. Let z be (-74)/7 - 52/(-91). Let m = q + z. What is the units digit of m?
2
Let u(v) = 2*v + 19. Let b be u(-8). What is the units digit of (5/(-2) + b)*68?
4
Suppose 2*h + 211 = 5*x, 3*h = 5*h - 4. What is the tens digit of x?
4
Let j = -10 + 6. Let p(g) = g**2 + 3*g + 1. What is the units digit of p(j)?
5
Let i(p) be the first derivative of -p**2 - 3*p - 3. Let m be i(-2). What is the units digit of 2*(m*-4)/(-1)?
8
Let k(a) = 8*a - 1. Let w be k(5). Let j = -21 + w. What is the units digit of j?
8
Suppose 4760 = -k + 15*k. What is the units digit of k?
0
Let k = 5 + -1. Suppose k*p + 18 = -g, -5*g + 0*p = 5*p + 15. Let f = 9 - g. What is the units digit of f?
7
Suppose -j = -5*j. Suppose -2*b + j*b + 20 = 0. What is the units digit of b?
0
Let u(z) = z**3 - 4*z**2 - 7*z + 4. Let n be u(5). Let b be (3/(-2))/(9/n). Suppose 0 = d - b - 1. What is the units digit of d?
2
Let l = -7 + -11. Suppose -6 - 34 = 5*p. Let b = p - l. What is the tens digit of b?
1
Suppose -z = z. Let b = 5 + z. Suppose b*v - 7 - 8 = 0. What is the units digit of v?
3
Let k(s) = -3*s - 1. What is the units digit of k(-1)?
2
Let z(a) = 5*a + 5. Let t(c) = c**2 + 1. Let l(b) = t(b) - z(b). What is the tens digit of l(-5)?
4
Let z(l) = -3*l. What is the units digit of z(-3)?
9
Let f(y) = 7*y. Suppose 2*o - 3 = 1. Suppose 0 = 5*r - 4*s - 3 - 2, 3*s = o*r - 2. What is the units digit of f(r)?
7
Let z be 50*(1 + 0/(-2)). Suppose 5*a = -0*a + z. What is the units digit of (-5 + 2)*a/(-3)?
0
Suppose 2*y = -5*f + 49, -4*f - 8 + 28 = 0. Suppose 2*a = -a + y. Suppose 0 = 4*v + a*z - 40, 5*v + 3*z - 66 = 2*z. What is the units digit of v?
4
Let f be (14/(-21))/((-1)/(-3)). What is the units digit of ((-6)/f)/(2 + -1)?
3
Suppose 15*a = 18*a - 105. What is the tens digit of a?
3
Suppose 2*w + 13 = 55. What is the tens digit of w?
2
Let d = -18 - -13. Let f = d + 11. Let a(u) = u - 4. What is the units digit of a(f)?
2
Let t = 5 - 5. Suppose -w - 42 - 6 = t. What is the units digit of w/(-5) - (-2)/5?
0
Let r(f) = 5*f**2 + f + 1. What is the units digit of r(4)?
5
What is the hundreds digit of 10/(-4)*1*-50?
1
Let g(n) = -9*n - 13. What is the tens digit of g(-4)?
2
Let g be 43*(6/3 + -5). Let n = -65 - g. What is the tens digit of 2/6 - n/(-6)?
1
Suppose -8*c = -315 - 181. What is the tens digit of c?
6
Let q(r) = -r**2 + 13*r - 14. Let s(x) = x + 6. Let k be s(5). What is the units digit of q(k)?
8
Let n be (-1)/((-2)/6) - 0. Suppose r - 5 = -3*h, 0 = n*r - 5*r - 3*h + 7. What is the units digit of r?
2
What is the hundreds digit of 3952/36 - (-2)/9?
1
Let x be (-4)/(-14) - 66/(-14). Suppose 0 = s + x - 6. What is the units digit of s?
1
Let i(o) = -3*o + 1. Let k be i(-1). Suppose 31 = 5*d - 3*v, -k*v - 3 + 7 = -d. What is the units digit of d?
8
Let d = 0 - 2. Let h = d + 2. What is the units digit of 1/(-2)*-18 - h?
9
Let n be (-6)/3 + 5 + 2. Suppose -4*v = 5*i - 204, -n*v - 2*i = -74 - 164. Suppose -v = -4*t - 2. What is the tens digit of t?
1
Let m = 29 - 15. What is the units digit of m?
4
Let f be 1/(-2) + (-3)/(-6). Let x = f - -17. What is the tens digit of x?
1
Suppose -30 = -3*n - 0*n. Suppose -4*k = 0, 2*j + k = 6*k + 8. What is the units digit of 30/j*n/15?
5
Let c = 3 - -3. What is the tens digit of (c/(-4))/(3/(-44))?
2
Suppose -c - 2*o = -4*c + 34, -4*c + 5*o = -57. What is the units digit of c?
8
Suppose 4*i + 4 = 5*i. Suppose 0 = 2*w - i*a - 32, 20 = -3*w + 8*w + 5*a. What is the units digit of w?
8
Suppose 3*g + 0*g = 138. What is the units digit of g?
6
Suppose 4*a = -z - 2940, -2*a = -3*a - z - 732. Let x be a/(-28) - (-2)/(-7). Suppose 22 = 3*g - x. What is the units digit of g?
6
Let m be ((-2)/(-4))/(10/40). Suppose 2*d - 152 = -m*d. What is the units digit of d?
8
What is the tens digit of ((-27)/18)/((-3)/380) + -3?
8
Let k be (-4)/6 + (-56)/(-21). Suppose -4*x = 2*n - 4, k*x = -x - n + 4. Suppose 16 = 4*u - 4*j, u - 2*j = 5 - x. What is the units digit of u?
5
Suppose -2*s - s = -15. Let q(t) = 2*t + 5. Let p(k) = -k - 2. Let x(b) = -10*p(b) - 4*q(b). What is the units digit of x(s)?
0
Let v(h) = 15*h - 9. What is the tens digit of v(3)?
3
Let r(p) be the first derivative of p**3/3 + 3*p**2/2 + 6*p - 2. What is the tens digit of r(-4)?
1
Let i(m) = 8*m**3 - 5*m**2 - 8*m - 10. Let p(g) = -7*g**3 + 6*g**2 + 7*g + 10. Let x(w) = 6*i(w) + 7*p(w). What is the units digit of x(12)?
2
Suppose -80 = -2*m - 4*w, 4*m - 2*w - 160 = 3*w. What is the units digit of m?
0
Suppose w = 4*w + 15. Let q = 7 - w. What is the units digit of q?
2
What is the units digit of (1 + -2)*-29 + -3?
6
Suppose 5*r + 3*b - 3 = 0, -r - b = -0 + 1. Suppose r*n + 48 = 150. What is the tens digit of n?
3
What is the units digit of (84/(-10))/((-2)/100*2)?
0
Let o be -1*1*(-1 + -8). Let r = 19 - o. What is the units digit of r?
0
Let l = 556 - 319. What is the tens digit of l?
3
Suppose -2*m = 4*x + 52, 0 = -2*x + 5*m - 49 - 1. Let p = 33 + x. What is the tens digit of p?
1
Let g = -53 + 106. What is the tens digit of g?
5
Let a be -5*4*2/(-10). Let n = a + 11. What is the units digit of n?
5
Let x be 4/(-6) - (-22)/6. Suppose x*m = -4 + 16. Let q = -3 + m. What is the units digit of q?
1
Let m(q) = 13*q**3 - 7*q**2 - 3*q + 4. Let x(h) = 14*h**3 - 6*h**2 - 2*h + 3. Let g(k) = -4*m(k) + 5*x(k). What is the units digit of g(1)?
7
Let g = 265 + -179. What is the units digit of g?
6
Suppose -2*f - 35 + 95 = 0. Suppose 5*g - f = 95. What is the tens digit of g?
2
Let r = -63 + 151. What is the tens digit of r?
8
Suppose -5*m - 2*s + 11 = 0, 3*s - 3 = -5*m + 6. Suppose t - 86 + 21 = -2*k, 0 = m*k + 5*t - 87. What is the tens digit of k?
3
Let x(d) = 8*d - 6. Let w be x(5). Suppose -5*b + 7 = -a + 39, -5*b + w = 2*a. What is the units digit of a?
2
Let v(u) = u**3 + 1. Suppose -4*k + 11 = 3*x - 3, 3*k = 2*x + 2. What is the units digit of v(x)?
9
Let f(a) be the second derivative of a**4/12 - 7*a**3/6 + 4*a**2 + 2*a. Let s be f(6). What is the tens digit of 29/2 - (-1)/s?
1
What is the units digit of 652/(((-3)/(-6))/((-2)/(-8)))?
6
Suppose -g - 6 = -3*g + 2*o, -5*g - 2*o + 15 = 0. Suppose i + 0*i = g. Suppose -i = -0*d - 3*d. What is the units digit of d?
1
Let a be 2/(-6) - (-22)/(-6). What is the units digit of (-57)/a + (-6)/(-8)?
5
Let a(w) = w**3 - 8*w**2 + 9*w + 7. What is the units digit of a(7)?
1
Suppose -4*v + 29 + 11 = 0. Let g be 2 - 2*v/4. What is the units digit of 1*(-2 - 9/g)?
1
Suppose -6*z = -3*z. Suppose 2*x + z*x - 70 = -4*q, -2*q + 44 = -2*x. What is the tens digit of q?
1
Let h(b) be the third derivative of b**4/8 + 2*b**3/3 - 3*b**2. Let j be h(4). Suppose 0 = 4*c - 5*t + t + j, -c = 5*t - 26. What is the units digit of c?
1
Let z(l) = -l**2 + 19*l + 22. What is the tens digit of z(14)?
9
Let a(k) = -k**3 - 8*k**2 + 8*k + 8. Suppose -5 = 5*i + 40. What is the units digit of a(i)?
7
Let x(w) = w**3 + 9*w**2 - 12*w - 4. Suppose -3*g + 4 = -g, o = 3*g - 16. What is the units digit of x(o)?
6
Suppose -2*i - 35 = -k, 4*k + 4*i + 14 = 142. Let u = -18 + k. What is the tens digit of u?
1
Suppose 5*g = 2*